
4
What is -100 - -115 - (-2 + 16)?
1
-7 + 1 + (-42 - (35 + -78)) + -16
-21
Calculate 52 - (66 - (9 - -30)).
25
What is the value of 35 + (13 - (-3 + -1) - 24)?
28
What is the value of -8 + -4 - (2 + -15)?
1
Evaluate (5 - 10) + 7 + (-5 - -2) + 2.
1
Calculate (2 - (-1 - (0 - 6)) - -6) + 5.
8
5 + (15 - -11) - 30
1
Calculate 9 + -3 - -16 - 11.
11
What is (0 - 2) + -7 + (102 + -34 - 66)?
-7
5 + 19 + -11 - 14
-1
What is the value of 21 + -21 + (-5 - -3) + 0 - -5?
3
What is (-1 + -20 - -23) + -17?
-15
What is the value of 64 + -46 - (1 - -3)?
14
173 - 125 - (0 + 26)
22
-4 + (30 - 18) + -16
-8
What is the value of 20 + (2 - 37) + -8?
-23
Calculate 1 + (6 - (7 - (10 - 8))) + -15.
-13
What is the value of 14 - (-1 - 11 - (-36 + 15))?
5
Calculate (9 - -1) + (-1 - (3 + -11)).
17
-134 + 123 + (-1 - 1)
-13
Evaluate 197 + -172 - (0 + -1 - -10) - 6.
10
What is 40 + -2 + (1025 - 1077)?
-14
-9 + -2 + 3 + 1 + -1 + -3
-11
Evaluate 6 + (-26 + 13 + -4 - -43).
32
-2 + (4 - 22) + (6 - 3) + 6
-11
What is -6 - (-12 + 23 + -5)?
-12
Evaluate -2 + (-15 - (-11 + 9)) - (0 + -9).
-6
What is the value of -11 - (-4 - (2 - -2)) - 9?
-12
Evaluate (2 - 1 - 7) + 0 + (-135 - -123).
-18
Calculate 11 - 2 - (5 + -17 - -3 - 2).
20
(12 - 4) + -9 - -2 - (-1 + 8)
-6
7 + (7 - 18) + (0 - 0)
-4
Calculate 9 + -1 + (411 - 419).
0
Calculate 1 - (-19 + 20) - (2 - 0 - -8).
-10
84 + -91 + 2 + 1
-4
What is -25 + (-6 - -38) - (0 - -1)?
6
Evaluate -10 - (8 + 3 + -32).
11
19 - (1 + (8 - 11)) - (10 - 5)
16
Evaluate 3 + -12 + (0 - -5) + -8 + 1.
-11
What is 6 - (-55 - -77 - (2 + -3))?
-17
Calculate ((5 - 20) + 7 - 2 - -8) + -17.
-19
Evaluate -14 - (26 - 20) - -35.
15
What is the value of 35 + -4 + -11 + 25 + -2 + -10?
33
3 + 5 + -2 + (-2 - -3)
7
10 - (-9 + -6 + (39 - 7) + 8)
-15
-5 + 3 + -7 + (-19 - -18)
-10
What is (16 - 0) + 9 + (-15 + 13 - 10)?
13
Evaluate -1 - 7 - (18 - (38 + -30)).
-18
Evaluate -8 - ((-5 - -1) + 12 - 7).
-9
Evaluate (-23 + 7 - 3) + 11.
-8
What is 17 + -30 + 14 + 0?
1
What is -9 + (-8 - (-13 + 13 + -11))?
-6
Evaluate -48 + 42 - (0 - 2).
-4
62 - 54 - (-1 - -22)
-13
What is 2 + -5 + 3 + 6 + (-4 - 10)?
-8
-2 - 2 - ((2 - 13) + -6 + 18)
-5
What is the value of 35 - (24 - (14 - 17))?
8
Calculate -4 - (-7 - (-5 - 14) - 5).
-11
Calculate (-13 + 15 - -12) + -4 - -12.
22
What is -2 + 2 + 6 - 1 - (-239 + 221)?
23
Evaluate (-36 - -71) + -15 + 1.
21
Calculate -6 + (-13 - -12) + -5.
-12
Calculate 1 - (6 - -5) - (-12 + 9 + 0).
-7
Calculate 212 + -226 + 32 + (-4 - -10).
24
Calculate (-8 - ((0 - 5 - 6) + 6)) + -8.
-11
(-19 - -25) + (5 - 8 - -10)
13
Evaluate (-9 - 3) + (-4 - (6 - 8) - -4).
-10
What is 96 + -84 - (27 - 3) - (-1 + 0)?
-11
Evaluate (35 - 1) + (-26 - (-4 - 12)).
24
Evaluate 2 - ((4 - (12 + -7)) + 16).
-13
Evaluate -1 + ((0 - 3) + 6 - (35 + -24)).
-9
What is the value of 50 + -59 + 3 + (-1 - -2)?
-5
-1 + -5 - (-2 - -1 - -1)
-6
Evaluate (-2 - 1) + (26 - (31 + -33)).
25
What is 22 - 43 - (-2 - (-2 - -1))?
-20
What is the value of 6 + (0 - -6) + -13 + 9 - 7?
1
What is -14 + (0 + -4 - 5 - -13)?
-10
Calculate (-18 - -9) + (-7 - -14 - 1) - -7.
4
What is the value of -8 + (-4 + 0 - -7) + 6?
1
What is (4 - 9 - -10 - -6) + -3?
8
Evaluate (-24 - (-32 + 4)) + (0 - 12).
-8
Calculate 0 + 23 + 520 + -565.
-22
What is the value of -5 + (4 - -1) + 10 + -9 + 7?
8
(-28 - (-22 + -18)) + -20
-8
What is the value of (-17 - -8 - -21) + -18?
-6
Evaluate 13 - (3 + -29 + 43).
-4
Calculate 29 + 0 + (43 - 29) + -19.
24
What is 10 - -3 - (14 - -12)?
-13
What is the value of -18 - -1 - (597 + -612)?
-2
What is -11 + 9 + 1 - 20?
-21
Calculate (-12 - (-21 + 6)) + -1.
2
(-6 - -8) + (-7 - 2)
-7
What is the value of 10 + (2 - (18 + -17))?
11
3 + 33 + 7 + -24
19
Calculate -7 - ((-2 - -5 - 10) + 7).
-7
What is 9 + -20 + (20 - -3)?
12
What is the value of (-26 + 7 - (10 + -2)) + 12?
-15
Evaluate (-27 + 17 + 44 - 18) + 8 + -2.
22
What is the value of (10 - 1) + 15 + 5 + -20 + 8?
17
What is -6 - (-5 + -11 + (-3 - 1 - -11))?
3
What is the value of (0 - 8) + (-29 - (-8 - 30)) + -6?
-5
What is 2 + (0 - 6 - 0) - (30 - 29)?
-5
Evaluate (4 - -1) + (12 + -1 - (154 + -148)).
10
Calculate -6530 - -6528 - (1 + (-1 - 21)).
19
What is 241 + -242 + (-17 - -2)?
-16
Evaluate -3 + 4 + (20 + 8 + -7 - 9).
13
Calculate -1 + (8 + 9 - 15).
1
What is the value of -4 + (-18 - 0) + (-33 - -41)?
-14
What is 45 + (-29 - (-43 + 37))?
22
What is 3 + -14 + 25 + -4?
10
What is the value of (11 - (0 - -2)) + (111 - 109)?
11
-5 + (-1 - (0 + 3) - 3)
-12
((-8 - 1) + 96 + -98 - -19) + 10
18
What is the value of (-12 - 3 - 2) + -16 - -10?
-23
Calculate -6 + -3 + 3 + (17 - -2) + -6.
7
What is 22 - (-15 + 20 - 14) - 12?
19
What is 5 + (-2 - -5) + -7 + -4 + -3?
-6
What is 0 - (20 - (29 - 10))?
-1
What is -18 + 46 + -11 + -21?
-4
Evaluate -1 + (-3 - 10) + 9 + -15.
-20
(-10 + 23 - 11) + (-16 - (-2 - -1))
-13
(-1 + 15 - 7) + (6 - 23)
-10
-4 - ((2 - (-1 + -6 + 6)) + -4)
-3
What is the value of 3 + -4 + 1 - (-3 + 14 + -5)?
-6
What is the value of 3 + -3 + -15 - (83 - 68)?
-30
-1 + 2 + -7 - ((-45 - -10) + 12)
17
(11 - 12) + 9 - 22
-14
Evaluate -20 + 7 + (-18 - -4 - -8) + 6.
-13
What is the value of -15 + (14 - -3 - -21)?
23
What is the value of 8 + -1 - -7 - (-100 + 117)?
-3
Evaluate (17 - 8) + -4 - -12.
17
What is -12 + 6 + 16 + (22 - 23)?
9
What is the value of 8 + 1 - ((-3 - 4) + 8)?
8
-66 + 91 + 10 + -1 + -5
29
What is 11 + (-1 + 0 - (-13 + 12 - -6))?
5
What is the value of 2 - (7 + -6) - (94 - 130)?
37
Calculate -15 + (8 - 39) - -10.
-36
(-3 - -5 - 1) + -28 - (0 + 4)
-31
What is the value of 2 + 0 + -1 - (71 + -3 + -64)?
-3
Calculate -10 + (26 - (8 - (9 + 3))).
20
Evaluate 6 - -27 - 16 - -17.
34
Calculate -6 - 1 - (24 + -33) - -9 - 7.
4
What is -10 + -3 + (-74 - -70)?
-17
What is -6 + 2 + -1 - (2 + -4)?
-3
Evaluate 32 + (-10 - (-13 + 28)) + (0 - 1).
6
Calculate -9 + 18 + -5 + (10 - 3) - -4.
15
65 + -96 + (14 - 0) - 3
-20
What is the value of 19 + -10 + 2 + -2 + 3?
12
Evaluate -6 - (17 - (7 - -9)).
-7
Calculate (2 + -4 - 0) + 1 - (5 - 16).
10
Evaluate 6 - (16 + (-12 - -2 - -7)) - -3.
-4
Calculate (5 - -1 - 0) + -10 + 17 + -6.
7
Evaluate -8 + 10 - 13 - (-52 + 27).
14
Evaluate 20 - (-9 + 35 + -15).
9
What is the value of 35 - 19 - 16 - (2 - 16 - -1)?
13
Evaluate -37 - -38 - (0 - 3 - -2).
2
What is the value of -44 + (-44 - -85) - 5?
-8
Evaluate -4 + 10 + 24 + -34.
-4
Calculate -31 - ((17 - 14) + -21).
-13
What is (20 - (22 + -14)) + (2 - 3)?
11
Calculate 12 - (10 - (8 + -6)) - -8.
12
Evaluate (-6 - -8 - 7) + -7.
-12
2 + 8 + -1 - (2 - -20)
-13
-5 - (-33 + 0 + 49)
-21
What is 2 + 20 - (-6 - -28 - 28)?
28
Calculate 13 - 3 - (8 - 9) - 2.
9
12 + -2 + (-5 - (-2 + -2)) + -41
-32
Evaluate 84 - 97 - (2 + -26).
11
What is the value of (-45 - -36) + -1 + 6 + -27?
-31
What is the value of -11 - (-6 + 6 + -4) - (-1 - -1)?
-7
-20 - -2 - (214 + -219)
-13
Calculate -2 + 3 + 1 + 4 + -9 + -7.
-10
What is 16 + 7 + -11 - (-7 - -46)?
-27
What is the value of 26 + 4 + -12 + 1?
19
-30 + 4 + (15 - -1)
-10
Evaluate (-1 - -2) + (-47 - -47) - 10 - 3.
-12
Evaluate 2 + (3 + -5 - -4) + (4 - 10).
-2
What is the value of 0 + -1 + (-4 - (0 + 0)) + 4?
-1
Evaluate 0 + 9 + 5 - (-5 - -1).
18
What is the value of (8 - 12) + (-6 - (12 + -12 - -13))?
-23
-1 + (-3 + 13 - 5 - (1 + 2))
1
What is 2 + (5 - 11) + (6 - 12)?
-10
(-8 - -28) + -15 - (-5 - 1)
11
What is the value of -46 + 63 - (-5 - -19)?
3
What is -5 + -4 - (-2 - (5 + -3))?
-5
What is 0 + -5 + 19 + -3?
11
(-1 - 1 - -13) + (63 + -77 - 24)
-27
1 + 3 + -6 - -6 - 5 - 4
-5
What is 15 + (-8 - (-10 + 2 + (-23 - -28)))?
10
Calculate -27 - -17 - 24 - -49.
15
Calculate (-30 - -5) + 26 + -21.
-20
What is the value of -15 + (-8 + 4 - -13) + -7?
-13
-28 + -4 + 17 + 11
-4
What is the value of 2 + 4 + -9 + 14 + -3?
8
What is 15 + -12 + (2 + 6 - (-7 - 2))?
20
3 + -4 - 3 - -7 - (-64 + 79)
-12
Calculate (2 - 12) + (-75 - -94).
9
Calculate -275 + 274 + (-2 + 5 - -13).
15
(-9 - -7 - 5) + 15
8
2 + -2 + (-5 - -5) + -3
-3
Evaluate 46 + -42 + 2 + -19 + 4 - -15.
6
Calculate 28 + -25 + -33 + 56.
26
-9 + 11 + 6 + 4 - 12
0
Evaluate (-7 + 9 - (2 - -8)) + (12 - 7).
-3
Calculate 5 - (9 + -6 + 33 + -9).
-22
What is the value of 1 - ((-11 - -3 - 5) + (1 - 7))?
20
Evaluate 33 - 2 - (18 + -9).
22
(-1 + 0 - -36) + -51 + 2 + 43
29
Evaluate -9 + -36 + 33 + -8 + -7 + -1.
-28
What is 7